116?
1
Suppose 4*i - 1879 = -3*k, 3*k - 2345 = -3*i - 2*i. What is the units digit of i?
6
What is the tens digit of ((-640)/(-25))/(2/40) + -5?
0
Let b(g) = -2*g + 14. Let o be b(6). Let s(h) = 3*h + 1. Let c be s(-6). Let r = o - c. What is the tens digit of r?
1
Let p(v) = v**2 - 14*v - 6. What is the hundreds digit of p(24)?
2
Suppose 3*l + 5*i - 53 = 0, 0 = -3*l + 4*i + 5 + 12. Suppose 0 = 3*g - 230 + l. What is the units digit of g?
3
Let n = 334 - -106. Suppose 6*d - n = 2*d. Suppose 3*i + m - d = -0*i, 0 = -2*i - 4*m + 80. What is the units digit of i?
6
Let v be 9/(-6)*124/(-3). Suppose -g - 23 = -v. What is the units digit of g?
9
Let d = 51 + 0. Let m = d + -35. What is the tens digit of m?
1
Let o(t) = 2*t**2 + 10*t + 21. Let d be o(-5). Suppose 0 = -2*z, -m + 6 = -3*z - 31. Let c = m - d. What is the tens digit of c?
1
What is the units digit of 584/6 - (-2)/15*5?
8
Let m = -35 + 39. Suppose 4*r + m*b - 253 = 5*b, -2*r + 4*b + 130 = 0. Suppose -3*q = c - 69, 2*q - r = -5*c - 17. What is the units digit of q?
3
Let n(s) be the third derivative of -s**2 + 5/3*s**3 - 1/60*s**5 - 1/3*s**4 + 0*s + 0. What is the tens digit of n(-7)?
1
Let o(h) = 73*h + 65. Let l be o(6). Let f = -219 + l. What is the units digit of f?
4
Let a(b) = -b - 1. Let h be a(-6). Suppose 5*p + 0*k + k - 158 = 0, h*k = -10. What is the tens digit of p?
3
Let v be ((-1520)/15)/(-2*(-1)/(-6)). Suppose -4*f - 5*h + 218 + v = 0, 3*h = -f + 127. What is the tens digit of f?
3
Let s be (6/(-8))/(1/(-4)). Let n be 16*((s - 0) + 1). Suppose -v - 6*a = -5*a - 22, 5*a = -3*v + n. What is the tens digit of v?
2
Let w = 135 - 92. Suppose -7*o + 118 = -w. What is the tens digit of o?
2
Suppose 3*z - 7680 = -12*z. What is the units digit of z?
2
Let d(g) = 8*g**3 - 5*g**2 + 24*g - 15. What is the tens digit of d(4)?
1
Let x be (-9)/(-2) + ((-8)/16)/1. Suppose 0 = -b - 3, x*a + 2*b = -18 + 996. What is the tens digit of a?
4
Let i(x) = -x**3 - 3*x**2 + 2*x - 1. Suppose 5*t = -52 + 27. What is the units digit of i(t)?
9
Suppose 0 = -3*j + 4*d - 3*d - 348, -3*j = -3*d + 342. Let o = j + 180. What is the tens digit of o?
6
Suppose 3*o - 260 = 58. Let u = o + 13. What is the hundreds digit of u?
1
Let u = -1 - -9. Let w(q) = 3*q**3 - 7*q**2 - 3*q + 2. Let g(f) = 16*f**3 - 35*f**2 - 14*f + 11. Let y(x) = -2*g(x) + 11*w(x). What is the units digit of y(u)?
4
Let m be (-56)/(-72) + 6/27. What is the tens digit of (-1)/m + (-3 - -24)?
2
Let k be -13 - 1/(0 - 1). Let f(t) = 84*t - 76. Let x be f(1). Let i = x - k. What is the units digit of i?
0
Let b(k) = 3*k - 2*k**3 - 8 + 8 - 9*k**2 - 1. What is the units digit of b(-6)?
9
Suppose -3*w = -5*w. Let f be (1 + (-8)/4)*w. Suppose f*x - 1 = -x. What is the units digit of x?
1
Let c(d) = 2*d + 5. Let p be c(-6). Let s(r) = r - 1. Let v be s(p). What is the units digit of (v/1)/(7 - 8)?
8
Let k be (-1408)/(-14) - ((-72)/(-14))/9. Let a = k + -67. What is the units digit of a?
3
Let g be ((-140)/98)/((-4)/7)*586. Suppose 0 = 8*b - 479 - g. What is the tens digit of b?
4
Let k = 215 + -174. What is the tens digit of k?
4
Let n = -607 + 1600. What is the hundreds digit of n?
9
Let r(t) be the third derivative of t**5/60 - t**4/4 + 5*t**3/3 - 10*t**2. Let j be r(4). Suppose 0 = 5*m - j - 48. What is the tens digit of m?
1
Let p = 63 + -61. Let b(d) = 5*d**3 - 2*d**2 + 2*d - 1. Let j be b(1). Suppose -2*l + 7*l - 7 = -j*g, 3*g + p*l - 7 = 0. What is the units digit of g?
3
Suppose -3*i - 5*i = -808. Let f = i + 5. What is the units digit of f?
6
Suppose 2*i - 5*d - 648 = -0*d, 4*i + 4*d = 1240. What is the units digit of i?
4
Let h = 3 - 3. Let i = 47 - h. What is the tens digit of i?
4
Let w be ((-12)/16)/(18/(-48)). Suppose 0 = -3*q - 2*q + 230. Suppose -k + q + 2 = w*m, -m + 22 = k. What is the tens digit of m?
2
Suppose 0 = -3*t + 2*s + 25, -5*s - 6 + 1 = 4*t. What is the units digit of t?
5
Let t be (-20)/(-28) + 2/7. What is the tens digit of ((-2)/2)/t + 66?
6
Let h(m) = m**2 + 15*m + 41. Let t be h(-12). Let z(y) be the second derivative of -y**4/12 + 2*y**3 - y**2/2 + y. What is the tens digit of z(t)?
3
Suppose -4*p - 2*w + 37950 = 15130, -2*w = -4. What is the tens digit of p?
0
Let f be 4/18 - 275/(-99). What is the units digit of (2/f)/(6/297)?
3
Let x = 1467 + -972. What is the tens digit of x?
9
Suppose 0 = 3*h + g - 216, 61 = 2*h - 3*g - 72. What is the units digit of h*(0 - -5 - 4)?
1
Let b(o) = -11*o - 3. Let c be b(-4). Let m(a) = a**2 - a - 1. Let n be m(3). Suppose n*t + 9 = -1, h = -t + c. What is the tens digit of h?
4
What is the hundreds digit of -2 + 5938 - (-2 - (-7 - -5))?
9
Suppose -3552 = -35*c + 32*c. What is the hundreds digit of c?
1
Suppose 4*n = 3*n - 387. Let r = n + 622. What is the tens digit of r?
3
Let f(l) = l**3 + 8*l**2 + 3*l + 4. Let b be f(-7). Let j = b + -7. What is the tens digit of j?
2
Let k(l) = 572*l + 195. What is the units digit of k(5)?
5
Let z be 1/(-8) - 1/(-8). Suppose z = -4*c + 46 + 70. Let t = c - 16. What is the units digit of t?
3
Suppose 4*i - 791 = 425. What is the units digit of i?
4
Let q(r) = 2*r**2 - 4*r - 3. Let i be q(-2). Suppose -i*v + 544 = 4*v. What is the units digit of v?
2
Let n(r) = -r**2 + 6*r + 1. Let c be n(7). Let j = c - 6. Let a = 38 + j. What is the units digit of a?
6
Let o(u) = -13*u - 5. Let r(c) = -12*c - 4. Let z(b) = 3*o(b) - 4*r(b). Let g be z(1). Let s = g - -11. What is the tens digit of s?
2
Let v = -39 + 21. Let g = 18 + v. Suppose -d - 36 = -o, 5*o + 4*d - 58 - 149 = g. What is the units digit of o?
9
Suppose -1 = d - 5*h, 0 = -d - 4*d - h + 73. Suppose v = -3*s + d, 0 = -5*s - 0*s - 25. What is the units digit of v?
9
Let r(o) = 3 + 7 + 4*o - 19 + 4 + 15*o**2. What is the tens digit of r(3)?
4
Let f(o) = 868*o**2 - 10*o - 11. What is the tens digit of f(-1)?
6
Let j be 3 + 2 + (-14 - -14). Suppose 0 = -5*l - 4*b + 255, 3*l - 8 - 158 = -j*b. What is the units digit of l?
7
Let i be (-4)/(-18) + 2696/18. Suppose 0 = -3*u - 2*z + 15, 0 = -2*u - 2*z - 0 + 10. Suppose -i = -u*p - 2*j - j, 3*j = 0. What is the tens digit of p?
3
Let w(u) = -u**3 + 16*u**2 - 46*u + 1. What is the units digit of w(10)?
1
Let s = 42 - 101. Let k be 1/(235/s - -4). Suppose 0 = 4*a - 1 - k. What is the units digit of a?
5
Suppose -11 + 447 = 4*o. What is the units digit of o?
9
Suppose -3*q + 387 = -5*w, 2*q + 314 = -4*w - 0*q. Let t = 80 + w. What is the units digit of t?
2
Let d(r) = 2*r**3 + 4*r**2 + 2*r + 5. Let h be d(-4). Let g = h - -168. What is the tens digit of g?
0
Let k = -7 + 3. Let c be k/(-6) + (-30)/45. Suppose 5*h - 4*i - 120 = c, 5*h = -0*i - 3*i + 85. What is the units digit of h?
0
Let g = 84 + -124. Let c be (35/28)/((-2)/8). What is the tens digit of (-24)/g + (-82)/c?
1
Let s(m) = -m**3 - 8*m**2 - 7*m + 2. Let d be s(-7). Suppose j - 141 = -5*v, 0*v = d*v. What is the hundreds digit of j?
1
Let b(u) = 2*u**2 + 29*u + 11. Let t be b(-14). What is the tens digit of (t - (-48)/18)/((-2)/1284)?
1
Let z = 137 + 382. What is the tens digit of z?
1
What is the units digit of (12/16)/(2*3/4944)?
8
Suppose 797 - 13 = -q. What is the tens digit of ((-3)/4)/(7/q)?
8
Let p(j) = -613*j + 404. What is the hundreds digit of p(-7)?
6
Let i(s) = s**2 - 1 - 6 - s**3 + s + 8*s**2. Let r = 35 - 26. What is the units digit of i(r)?
2
Let d(a) be the second derivative of 5*a**3/3 - 11*a**2 - 2*a. What is the tens digit of d(9)?
6
Let q = 50 - 42. Suppose 140 = q*v - 6*v. What is the tens digit of v?
7
Let j = 14 + -4. Let z be 1 - 5/(j/(-6)). What is the tens digit of (22/z)/(1/2)?
1
Suppose 3*f + f - 16 = 0. Suppose 5*r = 3*q + 2, 0 = f*q - 3*r + 2 - 3. What is the units digit of q?
1
Suppose -5*w = u - 173 - 145, 2*u - 681 = 5*w. What is the units digit of u?
3
Let n = -19 + -9. What is the tens digit of (-636)/n + (69/21 - 3)?
2
Let o be 18*4/32*-20. Let a = o + 109. Suppose 163 = 3*m + a. What is the units digit of m?
3
Suppose 5*w + o + 0 = -3, 4*o = 4*w - 12. What is the units digit of (-57 + w)/((-9)/3 - -2)?
7
Let s(h) = 26*h - 44. What is the tens digit of s(11)?
4
Suppose 2*y = 5*t - t + 5898, -3*y = -4*t - 8849. What is the units digit of y?
1
Let s(c) = c**2 - 13*c + 17. Let b be s(11). Let f(m) be the first derivative of -2*m**2 + 5*m - 1. What is the tens